{"id":560552,"date":"2021-08-03T13:37:54","date_gmt":"2021-08-03T11:37:54","guid":{"rendered":"https:\/\/urban-nation.com\/?post_type=un-artist&#038;p=560552"},"modified":"2026-05-19T13:06:26","modified_gmt":"2026-05-19T11:06:26","slug":"william-st-leger","status":"publish","type":"un-artist","link":"https:\/\/urban-nation.com\/de\/artist\/william-st-leger\/","title":{"rendered":"William St Leger"},"content":{"rendered":"\n<p>Will St Leger ist ein K\u00fcnstler und Aktivist aus Irland. Wills Arbeit als bildender K\u00fcnstler hat zum Ziel, soziale und kulturelle Ver\u00e4nderungen durch die partizipative Einbeziehung von besonderen gesellschaftlichen Gruppen in der allgemeinen \u00d6ffentlichkeit zu bewirken. Will engagiert sich seit Jahrzehnten ehrenamtlich in verschiedenen Aktivistengruppen wie Greenpeace, Peace One Day, ACT UP sowie in der LGBTQ+ Szene.<\/p>\n\n\n\n<p><strong>\u00dcber das Kunstprojekt<\/strong><\/p>\n\n\n\n<p>Wills Projekt <em>Even if your voice trembles<\/em> ist eine visuelle Erkundung der Scham. W\u00e4hrend seiner Residency wird er das kulturelle Ph\u00e4nomen der Scham mit Hilfe von Interviews, Fotos, Drucken und einer Installation visualisieren. Interviews mit in Berlin lebenden Menschen \u00fcber ihre Erfahrungen mit Scham bilden die Basis des Projekts. Die Interviews werden von Fotos begleitet, in denen die physische Erscheinung von Scham festgehalten wird. Sie werden zudem zur Herstellung Siebdrucken verwendet und letztendlich wird eine Wandinstallation aus allen entstandenen Materialien gebaut.<\/p>\n\n\n\n<p>Fotos: Victoria Tomaschko<\/p>\n","protected":false},"excerpt":{"rendered":"<p>Will St Leger ist ein K\u00fcnstler und Aktivist aus Irland. Wills Arbeit als bildender K\u00fcnstler hat zum Ziel, soziale und kulturelle Ver\u00e4nderungen durch die partizipative Einbeziehung von besonderen gesellschaftlichen Gruppen in der allgemeinen \u00d6ffentlichkeit zu bewirken.<\/p>\n","protected":false},"featured_media":560627,"template":"","un-tax-style":[],"un-event-series":[242,371],"class_list":["post-560552","un-artist","type-un-artist","status-publish","has-post-thumbnail","hentry","un-event-series-artist-in-residence","un-event-series-fresh-a-i-r-5"],"acf":[],"yoast_head":"<!-- This site is optimized with the Yoast SEO plugin v24.1 - https:\/\/yoast.com\/wordpress\/plugins\/seo\/ -->\n<title>William St Leger &#8211; Urban Nation<\/title>\n<meta name=\"robots\" content=\"index, follow, max-snippet:-1, max-image-preview:large, max-video-preview:-1\" \/>\n<link rel=\"canonical\" href=\"https:\/\/urban-nation.com\/de\/artist\/william-st-leger\/\" \/>\n<meta property=\"og:locale\" content=\"de_DE\" \/>\n<meta property=\"og:type\" content=\"article\" \/>\n<meta property=\"og:title\" content=\"William St Leger &#8211; Urban Nation\" \/>\n<meta property=\"og:description\" content=\"Will St Leger ist ein K\u00fcnstler und Aktivist aus Irland. Wills Arbeit als bildender K\u00fcnstler hat zum Ziel, soziale und kulturelle Ver\u00e4nderungen durch die partizipative Einbeziehung von besonderen gesellschaftlichen Gruppen in der allgemeinen \u00d6ffentlichkeit zu bewirken.\" \/>\n<meta property=\"og:url\" content=\"https:\/\/urban-nation.com\/de\/artist\/william-st-leger\/\" \/>\n<meta property=\"og:site_name\" content=\"Urban Nation\" \/>\n<meta property=\"article:publisher\" content=\"https:\/\/www.facebook.com\/urbannationberlin\" \/>\n<meta property=\"article:modified_time\" content=\"2026-05-19T11:06:26+00:00\" \/>\n<meta property=\"og:image\" content=\"https:\/\/urban-nation.com\/wp-content\/uploads\/2021\/07\/9290_Tomaschko_SBL.jpg\" \/>\n\t<meta property=\"og:image:width\" content=\"800\" \/>\n\t<meta property=\"og:image:height\" content=\"534\" \/>\n\t<meta property=\"og:image:type\" content=\"image\/jpeg\" \/>\n<script type=\"application\/ld+json\" class=\"yoast-schema-graph\">{\"@context\":\"https:\/\/schema.org\",\"@graph\":[{\"@type\":\"WebPage\",\"@id\":\"https:\/\/urban-nation.com\/de\/artist\/william-st-leger\/\",\"url\":\"https:\/\/urban-nation.com\/de\/artist\/william-st-leger\/\",\"name\":\"William St Leger &#8211; Urban Nation\",\"isPartOf\":{\"@id\":\"https:\/\/urban-nation.com\/#website\"},\"primaryImageOfPage\":{\"@id\":\"https:\/\/urban-nation.com\/de\/artist\/william-st-leger\/#primaryimage\"},\"image\":{\"@id\":\"https:\/\/urban-nation.com\/de\/artist\/william-st-leger\/#primaryimage\"},\"thumbnailUrl\":\"https:\/\/urban-nation.com\/wp-content\/uploads\/2021\/07\/9290_Tomaschko_SBL.jpg\",\"datePublished\":\"2021-08-03T11:37:54+00:00\",\"dateModified\":\"2026-05-19T11:06:26+00:00\",\"breadcrumb\":{\"@id\":\"https:\/\/urban-nation.com\/de\/artist\/william-st-leger\/#breadcrumb\"},\"inLanguage\":\"de\",\"potentialAction\":[{\"@type\":\"ReadAction\",\"target\":[\"https:\/\/urban-nation.com\/de\/artist\/william-st-leger\/\"]}]},{\"@type\":\"ImageObject\",\"inLanguage\":\"de\",\"@id\":\"https:\/\/urban-nation.com\/de\/artist\/william-st-leger\/#primaryimage\",\"url\":\"https:\/\/urban-nation.com\/wp-content\/uploads\/2021\/07\/9290_Tomaschko_SBL.jpg\",\"contentUrl\":\"https:\/\/urban-nation.com\/wp-content\/uploads\/2021\/07\/9290_Tomaschko_SBL.jpg\",\"width\":800,\"height\":534,\"caption\":\"Portr\u00e4ts und Arbeitsergebnisse der Stipentiat*Innen des Fresh A.I.R. Programms f\u00fcr die Stiftung Berliner Leben in den Atelierwohnungen K\u00fcnstler: William St. Leger\"},{\"@type\":\"BreadcrumbList\",\"@id\":\"https:\/\/urban-nation.com\/de\/artist\/william-st-leger\/#breadcrumb\",\"itemListElement\":[{\"@type\":\"ListItem\",\"position\":1,\"name\":\"Home\",\"item\":\"https:\/\/urban-nation.com\/de\/\"},{\"@type\":\"ListItem\",\"position\":2,\"name\":\"Artists\",\"item\":\"https:\/\/urban-nation.com\/de\/artist\/\"},{\"@type\":\"ListItem\",\"position\":3,\"name\":\"William St Leger\"}]},{\"@type\":\"WebSite\",\"@id\":\"https:\/\/urban-nation.com\/#website\",\"url\":\"https:\/\/urban-nation.com\/\",\"name\":\"Urban Nation\",\"description\":\"Museum for Urban Contemporary Art\",\"potentialAction\":[{\"@type\":\"SearchAction\",\"target\":{\"@type\":\"EntryPoint\",\"urlTemplate\":\"https:\/\/urban-nation.com\/?s={search_term_string}\"},\"query-input\":{\"@type\":\"PropertyValueSpecification\",\"valueRequired\":true,\"valueName\":\"search_term_string\"}}],\"inLanguage\":\"de\"}]}<\/script>\n<!-- \/ Yoast SEO plugin. -->","yoast_head_json":{"title":"William St Leger &#8211; Urban Nation","robots":{"index":"index","follow":"follow","max-snippet":"max-snippet:-1","max-image-preview":"max-image-preview:large","max-video-preview":"max-video-preview:-1"},"canonical":"https:\/\/urban-nation.com\/de\/artist\/william-st-leger\/","og_locale":"de_DE","og_type":"article","og_title":"William St Leger &#8211; Urban Nation","og_description":"Will St Leger ist ein K\u00fcnstler und Aktivist aus Irland. Wills Arbeit als bildender K\u00fcnstler hat zum Ziel, soziale und kulturelle Ver\u00e4nderungen durch die partizipative Einbeziehung von besonderen gesellschaftlichen Gruppen in der allgemeinen \u00d6ffentlichkeit zu bewirken.","og_url":"https:\/\/urban-nation.com\/de\/artist\/william-st-leger\/","og_site_name":"Urban Nation","article_publisher":"https:\/\/www.facebook.com\/urbannationberlin","article_modified_time":"2026-05-19T11:06:26+00:00","og_image":[{"width":800,"height":534,"url":"https:\/\/urban-nation.com\/wp-content\/uploads\/2021\/07\/9290_Tomaschko_SBL.jpg","type":"image\/jpeg"}],"schema":{"@context":"https:\/\/schema.org","@graph":[{"@type":"WebPage","@id":"https:\/\/urban-nation.com\/de\/artist\/william-st-leger\/","url":"https:\/\/urban-nation.com\/de\/artist\/william-st-leger\/","name":"William St Leger &#8211; Urban Nation","isPartOf":{"@id":"https:\/\/urban-nation.com\/#website"},"primaryImageOfPage":{"@id":"https:\/\/urban-nation.com\/de\/artist\/william-st-leger\/#primaryimage"},"image":{"@id":"https:\/\/urban-nation.com\/de\/artist\/william-st-leger\/#primaryimage"},"thumbnailUrl":"https:\/\/urban-nation.com\/wp-content\/uploads\/2021\/07\/9290_Tomaschko_SBL.jpg","datePublished":"2021-08-03T11:37:54+00:00","dateModified":"2026-05-19T11:06:26+00:00","breadcrumb":{"@id":"https:\/\/urban-nation.com\/de\/artist\/william-st-leger\/#breadcrumb"},"inLanguage":"de","potentialAction":[{"@type":"ReadAction","target":["https:\/\/urban-nation.com\/de\/artist\/william-st-leger\/"]}]},{"@type":"ImageObject","inLanguage":"de","@id":"https:\/\/urban-nation.com\/de\/artist\/william-st-leger\/#primaryimage","url":"https:\/\/urban-nation.com\/wp-content\/uploads\/2021\/07\/9290_Tomaschko_SBL.jpg","contentUrl":"https:\/\/urban-nation.com\/wp-content\/uploads\/2021\/07\/9290_Tomaschko_SBL.jpg","width":800,"height":534,"caption":"Portr\u00e4ts und Arbeitsergebnisse der Stipentiat*Innen des Fresh A.I.R. Programms f\u00fcr die Stiftung Berliner Leben in den Atelierwohnungen K\u00fcnstler: William St. Leger"},{"@type":"BreadcrumbList","@id":"https:\/\/urban-nation.com\/de\/artist\/william-st-leger\/#breadcrumb","itemListElement":[{"@type":"ListItem","position":1,"name":"Home","item":"https:\/\/urban-nation.com\/de\/"},{"@type":"ListItem","position":2,"name":"Artists","item":"https:\/\/urban-nation.com\/de\/artist\/"},{"@type":"ListItem","position":3,"name":"William St Leger"}]},{"@type":"WebSite","@id":"https:\/\/urban-nation.com\/#website","url":"https:\/\/urban-nation.com\/","name":"Urban Nation","description":"Museum for Urban Contemporary Art","potentialAction":[{"@type":"SearchAction","target":{"@type":"EntryPoint","urlTemplate":"https:\/\/urban-nation.com\/?s={search_term_string}"},"query-input":{"@type":"PropertyValueSpecification","valueRequired":true,"valueName":"search_term_string"}}],"inLanguage":"de"}]}},"_links":{"self":[{"href":"https:\/\/urban-nation.com\/de\/wp-json\/wp\/v2\/un-artist\/560552","targetHints":{"allow":["GET"]}}],"collection":[{"href":"https:\/\/urban-nation.com\/de\/wp-json\/wp\/v2\/un-artist"}],"about":[{"href":"https:\/\/urban-nation.com\/de\/wp-json\/wp\/v2\/types\/un-artist"}],"wp:featuredmedia":[{"embeddable":true,"href":"https:\/\/urban-nation.com\/de\/wp-json\/wp\/v2\/media\/560627"}],"wp:attachment":[{"href":"https:\/\/urban-nation.com\/de\/wp-json\/wp\/v2\/media?parent=560552"}],"wp:term":[{"taxonomy":"un-tax-style","embeddable":true,"href":"https:\/\/urban-nation.com\/de\/wp-json\/wp\/v2\/un-tax-style?post=560552"},{"taxonomy":"un-event-series","embeddable":true,"href":"https:\/\/urban-nation.com\/de\/wp-json\/wp\/v2\/un-event-series?post=560552"}],"curies":[{"name":"wp","href":"https:\/\/api.w.org\/{rel}","templated":true}]}}

<p>Will St Leger ist ein Künstler und Aktivist aus Irland. Wills Arbeit als bildender Künstler hat zum Ziel, soziale und kulturelle Veränderungen durch die partizipative Einbeziehung von besonderen gesellschaftlichen Gruppen in der allgemeinen Öffentlichkeit zu bewirken. Will engagiert sich seit Jahrzehnten ehrenamtlich in verschiedenen Aktivistengruppen wie Greenpeace, Peace One Day, ACT UP sowie in der LGBTQ+ Szene.</p>



<p><strong>Über das Kunstprojekt</strong></p>



<p>Wills Projekt <em>Even if your voice trembles</em> ist eine visuelle Erkundung der Scham. Während seiner Residency wird er das kulturelle Phänomen der Scham mit Hilfe von Interviews, Fotos, Drucken und einer Installation visualisieren. Interviews mit in Berlin lebenden Menschen über ihre Erfahrungen mit Scham bilden die Basis des Projekts. Die Interviews werden von Fotos begleitet, in denen die physische Erscheinung von Scham festgehalten wird. Sie werden zudem zur Herstellung Siebdrucken verwendet und letztendlich wird eine Wandinstallation aus allen entstandenen Materialien gebaut.</p>



<p>Fotos: Victoria Tomaschko</p>

<p>Will St Leger ist ein Künstler und Aktivist aus Irland. Wills Arbeit als bildender Künstler hat zum Ziel, soziale und kulturelle Veränderungen durch die partizipative Einbeziehung von besonderen gesellschaftlichen Gruppen in der allgemeinen Öffentlichkeit zu bewirken.</p>

<!-- This site is optimized with the Yoast SEO plugin v24.1 - https://yoast.com/wordpress/plugins/seo/ -->
<title>William St Leger &#8211; Urban Nation</title>
<meta name="robots" content="index, follow, max-snippet:-1, max-image-preview:large, max-video-preview:-1" />
<link rel="canonical" href="https://urban-nation.com/de/artist/william-st-leger/" />
<meta property="og:locale" content="de_DE" />
<meta property="og:type" content="article" />
<meta property="og:title" content="William St Leger &#8211; Urban Nation" />
<meta property="og:description" content="Will St Leger ist ein Künstler und Aktivist aus Irland. Wills Arbeit als bildender Künstler hat zum Ziel, soziale und kulturelle Veränderungen durch die partizipative Einbeziehung von besonderen gesellschaftlichen Gruppen in der allgemeinen Öffentlichkeit zu bewirken." />
<meta property="og:url" content="https://urban-nation.com/de/artist/william-st-leger/" />
<meta property="og:site_name" content="Urban Nation" />
<meta property="article:publisher" content="https://www.facebook.com/urbannationberlin" />
<meta property="article:modified_time" content="2026-05-19T11:06:26+00:00" />
<meta property="og:image" content="https://urban-nation.com/wp-content/uploads/2021/07/9290_Tomaschko_SBL.jpg" />
	<meta property="og:image:width" content="800" />
	<meta property="og:image:height" content="534" />
	<meta property="og:image:type" content="image/jpeg" />
<script type="application/ld+json" class="yoast-schema-graph">{"@context":"https://schema.org","@graph":[{"@type":"WebPage","@id":"https://urban-nation.com/de/artist/william-st-leger/","url":"https://urban-nation.com/de/artist/william-st-leger/","name":"William St Leger &#8211; Urban Nation","isPartOf":{"@id":"https://urban-nation.com/#website"},"primaryImageOfPage":{"@id":"https://urban-nation.com/de/artist/william-st-leger/#primaryimage"},"image":{"@id":"https://urban-nation.com/de/artist/william-st-leger/#primaryimage"},"thumbnailUrl":"https://urban-nation.com/wp-content/uploads/2021/07/9290_Tomaschko_SBL.jpg","datePublished":"2021-08-03T11:37:54+00:00","dateModified":"2026-05-19T11:06:26+00:00","breadcrumb":{"@id":"https://urban-nation.com/de/artist/william-st-leger/#breadcrumb"},"inLanguage":"de","potentialAction":[{"@type":"ReadAction","target":["https://urban-nation.com/de/artist/william-st-leger/"]}]},{"@type":"ImageObject","inLanguage":"de","@id":"https://urban-nation.com/de/artist/william-st-leger/#primaryimage","url":"https://urban-nation.com/wp-content/uploads/2021/07/9290_Tomaschko_SBL.jpg","contentUrl":"https://urban-nation.com/wp-content/uploads/2021/07/9290_Tomaschko_SBL.jpg","width":800,"height":534,"caption":"Porträts und Arbeitsergebnisse der Stipentiat*Innen des Fresh A.I.R. Programms für die Stiftung Berliner Leben in den Atelierwohnungen Künstler: William St. Leger"},{"@type":"BreadcrumbList","@id":"https://urban-nation.com/de/artist/william-st-leger/#breadcrumb","itemListElement":[{"@type":"ListItem","position":1,"name":"Home","item":"https://urban-nation.com/de/"},{"@type":"ListItem","position":2,"name":"Artists","item":"https://urban-nation.com/de/artist/"},{"@type":"ListItem","position":3,"name":"William St Leger"}]},{"@type":"WebSite","@id":"https://urban-nation.com/#website","url":"https://urban-nation.com/","name":"Urban Nation","description":"Museum for Urban Contemporary Art","potentialAction":[{"@type":"SearchAction","target":{"@type":"EntryPoint","urlTemplate":"https://urban-nation.com/?s={search_term_string}"},"query-input":{"@type":"PropertyValueSpecification","valueRequired":true,"valueName":"search_term_string"}}],"inLanguage":"de"}]}</script>
<!-- / Yoast SEO plugin. -->

Will St Leger ist ein Künstler und Aktivist aus Irland. Wills Arbeit als bildender Künstler hat zum Ziel, soziale und kulturelle Veränderungen durch die partizipative Einbeziehung von besonderen gesellschaftlichen Gruppen in der allgemeinen Öffentlichkeit zu bewirken.

Porträts und Arbeitsergebnisse der Stipentiat*Innen des Fresh A.I.R. Programms für die Stiftung Berliner Leben in den Atelierwohnungen Künstler: William St. Leger
